t z be (-6)/9 + (-28)/(-6). Suppose 2*r = z*r - v. What is the tens digit of r?
2
Suppose 3*u - 2*d = 1728, -11*u + 8*u - 2*d = -1716. What is the units digit of u?
4
Let k(t) = 3*t**2 + 1. Let d be k(-1). Suppose 102 = 2*o - 5*r, -d*o = 2*r - 4*r - 172. Let i = -16 + o. What is the units digit of i?
5
Suppose 0 = 3*t - 5*t + 8, 0 = 3*s + 2*t + 244. Let v = -49 - s. Suppose 5*z - v = -0*z. What is the units digit of z?
7
Let n(r) = 22*r. Let l(j) = 2*j**2 + 2*j - 2. Let d be l(-2). Suppose 6*w = d*w + 4. What is the tens digit of n(w)?
2
Let w be ((-852)/10)/(10/(-25)). Suppose 0 = 4*g + 53 - w. Suppose -4*t = 4*o - 140, -g - 18 = -2*o + 2*t. What is the units digit of o?
2
Let w(h) = h - 1. Let l be w(-2). Let z(j) = -6*j**3 + 6*j**2 + 3*j + 7. What is the tens digit of z(l)?
1
What is the tens digit of (-2124)/30*(-10)/4?
7
Let p(j) = 4*j**3 + 4*j**2 - 2*j + 2. Let n be p(3). Suppose 2*k = 2*i + 144, -k - n = -3*k + 3*i. What is the tens digit of k?
7
Let c be 150/(-8) + (-6)/(-8). Let q = c - -18. Suppose 3*t + 3*k - 117 = 0, -2*t + q*k + 75 = -k. What is the tens digit of t?
3
Let n(d) = -2*d**2 - 18*d - 45. Let r(l) = l**2 - l. Let z(h) = -n(h) - r(h). What is the hundreds digit of z(-23)?
1
Let a = -576 + 820. What is the units digit of a?
4
Let r(m) = -12*m - 3. Let d be r(-1). Let t = d - -29. What is the units digit of t?
8
Let y(m) = 374*m + 11. What is the tens digit of y(1)?
8
Suppose -g - 7 = -4*m, 5*m - m + g = 17. Suppose m*u - 538 = 5*f, 11*u - 367 = 9*u + 5*f. What is the units digit of u?
1
Suppose 16*k = 12*k + 256. What is the units digit of k?
4
Suppose 2*i - 22 = 3*n, 0*i = 4*i - 2*n - 60. Let f be ((-2)/8)/(i/(-136)). Suppose 0*a = -4*s + f*a + 148, -179 = -5*s + a. What is the units digit of s?
5
Let x(t) be the first derivative of t**4/4 - 4*t**3/3 - 3*t**2 - 5*t - 20. Let c = 5 + 1. What is the tens digit of x(c)?
3
Suppose 2*t + 8 = 5*f - 6, t + 2 = 0. Suppose -4*j = 12, -62 - 4 = -f*r - 2*j. Let l = r + -26. What is the tens digit of l?
1
Suppose -4*s + 5*k = -434, 2*k - 3*k = -3*s + 331. What is the hundreds digit of s?
1
Let p(x) be the second derivative of x**4/6 - 5*x**3/6 + x**2/2 + 8*x. What is the tens digit of p(7)?
6
Let k = -201 - -1202. What is the thousands digit of k?
1
Suppose -24 = t + 4. Let f be (-32 + -1)*t/21. Let r = 84 - f. What is the tens digit of r?
4
Suppose z + 9 = 3*r, z + 4*z - 4*r = -34. Let l(y) = 2*y - 2. Let m be l(z). What is the units digit of (-4)/(-14) + (-66)/m?
5
Let h(q) = -q - 13. Let d be h(-15). Suppose -6*p + 9*p = -24. What is the units digit of (p - -2)*(-9)/d?
7
Let r(l) = -l - 6. Let n be r(-2). Let x(m) = -m**3 - 3*m**2 + 7*m + 14. What is the units digit of x(n)?
2
Let i(r) = -r**3 + 4*r**2 - 3*r + 2. Let c be i(3). Let a(j) = 3*j + 0*j - c*j + 0*j + 18. What is the units digit of a(0)?
8
Let l(d) = d - 6. Let u be l(2). Let t(i) = -31*i + 26. What is the hundreds digit of t(u)?
1
Suppose -8*t = -6*t - 560. Suppose 0 = -5*r + 10*r - t. What is the tens digit of r?
5
Let h(m) = 26*m**2 - 6*m + 8. What is the hundreds digit of h(5)?
6
Let u be (0 - 0)/(-3 - (0 - 2)). Suppose u*x + 196 = 2*x. What is the units digit of x?
8
Let z(x) = -17*x. Let c be z(1). Let g = -25 - c. What is the tens digit of 17 + g - (-2 + -1)?
1
Let k be 39/(-6) + (-12)/(-8). Let d be -3 + (4 - (k + 3)). Suppose -3*m = -4*v - 169, -4*m - v = d*v - 244. What is the tens digit of m?
5
Let u(n) = n**3 - 2*n**2 - 10*n. Let y be u(5). Suppose -3*d - y = -5*a, -2*d + 20 = 4*a - 6*d. What is the units digit of a?
5
Suppose b + 0*y - 5*y = 23, 2*b = -5*y - 14. Let f = b - -20. What is the units digit of f?
3
Let k = 106 - 102. Suppose 5*p + 313 = 2*n, -2*n + 348 = -2*p + k*p. What is the tens digit of n?
6
Let y(v) = -110*v + 5. What is the hundreds digit of y(-7)?
7
Let c = -548 - -1038. What is the tens digit of c?
9
Let d be 2 + (-6)/(-2) - 0. Let x(o) = 11*o - 4. What is the tens digit of x(d)?
5
What is the hundreds digit of (-3)/((-9)/(-934))*33/(-22)?
4
Let x = -64 - 25. Let i = -24 - x. What is the tens digit of i?
6
Let x(p) be the second derivative of 7*p**4/4 - 13*p**3/6 + 21*p**2/2 - 2*p - 34. What is the tens digit of x(4)?
0
Suppose -8*p + 6*p + 44 = 0. Suppose p + 32 = 2*h. What is the units digit of h?
7
Let p = 732 - -330. What is the tens digit of p?
6
Let z(s) = -s**3 + 9*s**2 - s + 2. What is the units digit of z(4)?
8
Suppose -2*w = -3*s + 194, 0*s - 2*s - w = -134. Suppose -3*o + 666 = -s. Suppose o = 5*g + 64. What is the units digit of g?
6
Let r = 8895 + -3612. What is the thousands digit of r?
5
Let y = -17 - -13. Let d = 8 + y. What is the units digit of 11 - (-1 - (0 - d))?
8
Let f(g) = -g + 1. Let b be f(-1). Let z = -647 + -89. What is the units digit of (b/(-4))/(8/z)?
6
Let c = 65 + -96. Let s = c + 58. What is the units digit of s?
7
Let g(j) be the third derivative of -1/6*j**5 + 2*j**2 + 0*j - 3/8*j**4 - 1/120*j**6 + 0 + 13/6*j**3. What is the units digit of g(-9)?
3
Let v be (4/(-6))/(9/(-27)). Let u(c) = 26 - c - v*c - 19. What is the units digit of u(-5)?
2
Let b(x) = x**2 + 4*x - 62. Suppose -4*f = 5*p - 57, -4 = -3*p - 1. What is the tens digit of b(f)?
5
What is the tens digit of ((-32)/6)/(1*1/(-51))?
7
Let y be (3 - 17)*10/(-20). Let w(b) = 22*b + 14. What is the units digit of w(y)?
8
Suppose -3*m - p = -1361, -m + 297 = -3*p - 170. What is the hundreds digit of m?
4
Let i(x) = x**3 + 25*x**2 + 25*x + 17. Let y be i(-24). Let q(u) = -u**3 - 7*u**2 - 14*u + 1. What is the units digit of q(y)?
9
Suppose 3*p + 7 = 19. Suppose -9 = 3*k - p*k. What is the units digit of k?
9
Let p be 4/26 - (-8880)/78. Let f be (p/(-19))/((-3)/22). Let x = f + -25. What is the tens digit of x?
1
What is the tens digit of (-616)/(138/(-33) - -4)?
8
Suppose 11*g + 67 = 12*g. Let i = g + -3. What is the units digit of i?
4
Let k be ((-68)/(-6))/(-2)*-6. Let h = k - 143. Let s = 161 + h. What is the tens digit of s?
5
Let k(j) = 4*j**2 + 2*j - 7. Suppose -8*b + 11 = -21. What is the tens digit of k(b)?
6
Suppose 10*s - 13*s + 15 = 0. Suppose -2*b + 204 = s*w, -85 = -2*b + 5*w + 79. What is the tens digit of b?
9
Suppose 5*b = -4*c + 11, 0 = 2*c - 4*b + 3*b - 23. Let d(z) = -4*z + 9. Let n be d(c). What is the tens digit of 9/n - 164/(-6)?
2
Let q be 8/(-24) - (-20)/6. Suppose -q*w + x = 14, -2 = w - 2*x + 11. What is the tens digit of (w/2)/((-1)/26)?
3
Let h = -615 + 1697. What is the units digit of h?
2
Let j(h) = h**2 + 14*h + 9. Let l be j(-13). Let y(r) = -r**3 + 3*r**2 - 5*r - 1. What is the hundreds digit of y(l)?
1
Let x be 11/6 + (-5)/(-30). Suppose 5*p = -4*u + 253, p + 135 = x*u + 26. Suppose 4*s - 39 = u. What is the units digit of s?
4
Let u(n) = 49*n**2 + 10*n + 157. What is the units digit of u(-8)?
3
Suppose -4*p + 3*p = -3. Suppose -p*c + 20 = c. Let z = 0 + c. What is the units digit of z?
5
Let k = 8 + 129. Suppose 3*a - 103 = k. What is the tens digit of a?
8
Let x = -226 + 230. Suppose 0*y = -2*y - 28. What is the units digit of (y/x)/(7/(-14))?
7
Let k(b) = 74*b**2 - b - 16. What is the units digit of k(-3)?
3
Let h = -68 - -109. Suppose -3*m = -2*m - h. Let w = 80 - m. What is the units digit of w?
9
Let y(j) = -30*j**3 + j**2 - 3*j - 7. What is the hundreds digit of y(-3)?
8
Let d = 65 + -97. Let z(x) = 47*x**2 - x - 1. Let s be z(-1). Let i = d + s. What is the tens digit of i?
1
Suppose 69*w = 64*w + 4*m + 3221, -5*w - 2*m + 3227 = 0. What is the hundreds digit of w?
6
Let s(z) = z**3 + 4*z**2 + 4*z - 1. Let t be s(-3). Let q(n) be the first derivative of -7*n**2/2 - n - 83. What is the units digit of q(t)?
7
Suppose -3*x + 4*i = -5845, -4*x + 1807 = 5*i - 6007. What is the tens digit of x?
5
What is the hundreds digit of (-147)/14*(-133 + -1)?
4
Let h = 8 - 6. Let t = 3 + h. Suppose -14 = -7*g + t*g. What is the units digit of g?
7
Suppose 5*d - 6 = -2*x, 0 = 3*x - d + 7 + 1. Let h be (-9)/(-6)*(0 - x). Suppose -5*k + 53 = -2*l + 5, k = h*l + 7. What is the units digit of k?
0
Let h be (-16*4)/(0 - -1). Let d = -30 - h. What is the tens digit of d?
3
Suppose -25*f + 24*f = 0. Let g = 26 - f. What is the units digit of g?
6
Let a(i) = 45*i**2 + i. Suppose 4*f - 19 - 1 = 0. Suppose k = f*c - c - 4, 3*c + 5*k - 3 = 0. What is the tens digit of a(c)?
4
Suppos